[INFO] cloning repository https://github.com/Javyre/nv
[INFO] running `Command { std: "git" "-c" "credential.helper=" "-c" "credential.helper=/workspace/cargo-home/bin/git-credential-null" "clone" "--bare" "https://github.com/Javyre/nv" "/workspace/cache/git-repos/https%3A%2F%2Fgithub.com%2FJavyre%2Fnv", kill_on_drop: false }`
[INFO] [stderr] Cloning into bare repository '/workspace/cache/git-repos/https%3A%2F%2Fgithub.com%2FJavyre%2Fnv'...
[INFO] running `Command { std: "git" "rev-parse" "HEAD", kill_on_drop: false }`
[INFO] [stdout] 4845ecd4a0ac047625e0fbf7edc65d8cbe38cd88
[INFO] checking Javyre/nv against master#9610dfe5a9a731ced1ea4923ecbd0c57fe367898 for beta-170-4
[INFO] running `Command { std: "git" "clone" "/workspace/cache/git-repos/https%3A%2F%2Fgithub.com%2FJavyre%2Fnv" "/workspace/builds/worker-6-tc1/source", kill_on_drop: false }`
[INFO] [stderr] Cloning into '/workspace/builds/worker-6-tc1/source'...
[INFO] [stderr] done.
[INFO] validating manifest of git repo https://github.com/Javyre/nv on toolchain 9610dfe5a9a731ced1ea4923ecbd0c57fe367898
[INFO] running `Command { std: CARGO_HOME="/workspace/cargo-home" RUSTUP_HOME="/workspace/rustup-home" "/workspace/cargo-home/bin/cargo" "+9610dfe5a9a731ced1ea4923ecbd0c57fe367898" "metadata" "--manifest-path" "Cargo.toml" "--no-deps", kill_on_drop: false }`
[INFO] started tweaking git repo https://github.com/Javyre/nv
[INFO] finished tweaking git repo https://github.com/Javyre/nv
[INFO] tweaked toml for git repo https://github.com/Javyre/nv written to /workspace/builds/worker-6-tc1/source/Cargo.toml
[INFO] crate git repo https://github.com/Javyre/nv already has a lockfile, it will not be regenerated
[INFO] running `Command { std: CARGO_HOME="/workspace/cargo-home" RUSTUP_HOME="/workspace/rustup-home" "/workspace/cargo-home/bin/cargo" "+9610dfe5a9a731ced1ea4923ecbd0c57fe367898" "fetch" "--manifest-path" "Cargo.toml", kill_on_drop: false }`
[INFO] [stderr]  Downloading crates ...
[INFO] [stderr]   Downloaded enum_dispatch v0.1.2
[INFO] [stderr]   Downloaded crossterm_winapi v0.1.0
[INFO] [stderr]   Downloaded crossterm v0.5.4
[INFO] running `Command { std: "docker" "create" "-v" "/var/lib/crater-agent-workspace/builds/worker-6-tc1/target:/opt/rustwide/target:rw,Z" "-v" "/var/lib/crater-agent-workspace/builds/worker-6-tc1/source:/opt/rustwide/workdir:ro,Z" "-v" "/var/lib/crater-agent-workspace/cargo-home:/opt/rustwide/cargo-home:ro,Z" "-v" "/var/lib/crater-agent-workspace/rustup-home:/opt/rustwide/rustup-home:ro,Z" "-e" "SOURCE_DIR=/opt/rustwide/workdir" "-e" "CARGO_TARGET_DIR=/opt/rustwide/target" "-e" "CARGO_HOME=/opt/rustwide/cargo-home" "-e" "RUSTUP_HOME=/opt/rustwide/rustup-home" "-w" "/opt/rustwide/workdir" "-m" "1610612736" "--user" "0:0" "--network" "none" "ghcr.io/rust-lang/crates-build-env/linux@sha256:19e73879b68f455e41552ea35293514db52ea292d993f571636dbffedb77a1ee" "/opt/rustwide/cargo-home/bin/cargo" "+9610dfe5a9a731ced1ea4923ecbd0c57fe367898" "metadata" "--no-deps" "--format-version=1", kill_on_drop: false }`
[INFO] [stdout] 4fecf1782475e5217196fc7dea47463bccac647063d122d46858623cff8fa592
[INFO] running `Command { std: "docker" "start" "-a" "4fecf1782475e5217196fc7dea47463bccac647063d122d46858623cff8fa592", kill_on_drop: false }`
[INFO] running `Command { std: "docker" "inspect" "4fecf1782475e5217196fc7dea47463bccac647063d122d46858623cff8fa592", kill_on_drop: false }`
[INFO] running `Command { std: "docker" "rm" "-f" "4fecf1782475e5217196fc7dea47463bccac647063d122d46858623cff8fa592", kill_on_drop: false }`
[INFO] [stdout] 4fecf1782475e5217196fc7dea47463bccac647063d122d46858623cff8fa592
[INFO] running `Command { std: "docker" "create" "-v" "/var/lib/crater-agent-workspace/builds/worker-6-tc1/target:/opt/rustwide/target:rw,Z" "-v" "/var/lib/crater-agent-workspace/builds/worker-6-tc1/source:/opt/rustwide/workdir:ro,Z" "-v" "/var/lib/crater-agent-workspace/cargo-home:/opt/rustwide/cargo-home:ro,Z" "-v" "/var/lib/crater-agent-workspace/rustup-home:/opt/rustwide/rustup-home:ro,Z" "-e" "SOURCE_DIR=/opt/rustwide/workdir" "-e" "CARGO_TARGET_DIR=/opt/rustwide/target" "-e" "CARGO_INCREMENTAL=0" "-e" "RUST_BACKTRACE=full" "-e" "RUSTFLAGS=--cap-lints=forbid" "-e" "RUSTDOCFLAGS=--cap-lints=forbid" "-e" "CARGO_HOME=/opt/rustwide/cargo-home" "-e" "RUSTUP_HOME=/opt/rustwide/rustup-home" "-w" "/opt/rustwide/workdir" "-m" "1610612736" "--user" "0:0" "--network" "none" "ghcr.io/rust-lang/crates-build-env/linux@sha256:19e73879b68f455e41552ea35293514db52ea292d993f571636dbffedb77a1ee" "/opt/rustwide/cargo-home/bin/cargo" "+9610dfe5a9a731ced1ea4923ecbd0c57fe367898" "check" "--frozen" "--all" "--all-targets" "--message-format=json", kill_on_drop: false }`
[INFO] [stdout] 6de66a3aad9123e573b016e18eb828a7b6545b0f9871e8a6c34a4568d0fb8b44
[INFO] running `Command { std: "docker" "start" "-a" "6de66a3aad9123e573b016e18eb828a7b6545b0f9871e8a6c34a4568d0fb8b44", kill_on_drop: false }`
[INFO] [stderr]    Compiling proc-macro2 v0.4.27
[INFO] [stderr]    Compiling unicode-xid v0.1.0
[INFO] [stderr]    Compiling libc v0.2.46
[INFO] [stderr]    Compiling lazy_static v1.2.0
[INFO] [stderr]     Checking termios v0.3.1
[INFO] [stderr]    Compiling quote v0.6.10
[INFO] [stderr]     Checking crossterm v0.5.4
[INFO] [stderr]    Compiling syn v0.15.23
[INFO] [stderr]    Compiling enum_dispatch v0.1.2
[INFO] [stderr]     Checking nv v0.1.0 (/opt/rustwide/workdir)
[INFO] [stdout] error: expected `;`, found keyword `Self`
[INFO] [stdout]    --> src/main.rs:481:42
[INFO] [stdout]     |
[INFO] [stdout] 481 |         let buffer = file.by_ref().take()
[INFO] [stdout]     |                                          ^ help: add `;` here
[INFO] [stdout] 482 |
[INFO] [stdout] 483 |         Self {
[INFO] [stdout]     |         ---- unexpected token
[INFO] [stdout] 
[INFO] [stdout] 
[INFO] [stdout] error: expected `;`, found keyword `Self`
[INFO] [stdout]    --> src/main.rs:481:42
[INFO] [stdout]     |
[INFO] [stdout] 481 |         let buffer = file.by_ref().take()
[INFO] [stdout]     |                                          ^ help: add `;` here
[INFO] [stdout] 482 |
[INFO] [stdout] 483 |         Self {
[INFO] [stdout]     |         ---- unexpected token
[INFO] [stdout] 
[INFO] [stdout] 
[INFO] [stdout] warning: unused import: `std::borrow::Cow`
[INFO] [stdout]   --> src/main.rs:36:5
[INFO] [stdout]    |
[INFO] [stdout] 36 | use std::borrow::Cow;
[INFO] [stdout]    |     ^^^^^^^^^^^^^^^^
[INFO] [stdout]    |
[INFO] [stdout]    = note: `#[warn(unused_imports)]` on by default
[INFO] [stdout] 
[INFO] [stdout] 
[INFO] [stdout] warning: unused import: `std::borrow::Cow`
[INFO] [stdout]   --> src/main.rs:36:5
[INFO] [stdout]    |
[INFO] [stdout] 36 | use std::borrow::Cow;
[INFO] [stdout]    |     ^^^^^^^^^^^^^^^^
[INFO] [stdout]    |
[INFO] [stdout]    = note: `#[warn(unused_imports)]` on by default
[INFO] [stdout] 
[INFO] [stdout] 
[INFO] [stdout] error[E0599]: `&mut File` is not an iterator
[INFO] [stdout]    --> src/main.rs:481:36
[INFO] [stdout]     |
[INFO] [stdout] 481 |         let buffer = file.by_ref().take()
[INFO] [stdout]     |                                    ^^^^ `&mut File` is not an iterator
[INFO] [stdout]    --> /rustc/9610dfe5a9a731ced1ea4923ecbd0c57fe367898/library/std/src/fs.rs:99:1
[INFO] [stdout]     |
[INFO] [stdout]     = note: doesn't satisfy `File: Iterator`
[INFO] [stdout]     |
[INFO] [stdout]     = note: the following trait bounds were not satisfied:
[INFO] [stdout]             `File: Iterator`
[INFO] [stdout]             which is required by `&mut File: Iterator`
[INFO] [stdout]             `&mut File: Iterator`
[INFO] [stdout]             which is required by `&mut &mut File: Iterator`
[INFO] [stdout]     = help: items from traits can only be used if the trait is in scope
[INFO] [stdout] help: the following trait is implemented but not in scope; perhaps add a `use` for it:
[INFO] [stdout]     |
[INFO] [stdout] 20  + use std::io::Read;
[INFO] [stdout]     |
[INFO] [stdout] 
[INFO] [stdout] 
[INFO] [stdout] error[E0599]: `&mut File` is not an iterator
[INFO] [stdout]    --> src/main.rs:481:36
[INFO] [stdout]     |
[INFO] [stdout] 481 |         let buffer = file.by_ref().take()
[INFO] [stdout]     |                                    ^^^^ `&mut File` is not an iterator
[INFO] [stdout]    --> /rustc/9610dfe5a9a731ced1ea4923ecbd0c57fe367898/library/std/src/fs.rs:99:1
[INFO] [stdout]     |
[INFO] [stdout]     = note: doesn't satisfy `File: Iterator`
[INFO] [stdout]     |
[INFO] [stdout]     = note: the following trait bounds were not satisfied:
[INFO] [stdout]             `File: Iterator`
[INFO] [stdout]             which is required by `&mut File: Iterator`
[INFO] [stdout]             `&mut File: Iterator`
[INFO] [stdout]             which is required by `&mut &mut File: Iterator`
[INFO] [stdout]     = help: items from traits can only be used if the trait is in scope
[INFO] [stdout] help: the following trait is implemented but not in scope; perhaps add a `use` for it:
[INFO] [stdout]     |
[INFO] [stdout] 20  + use std::io::Read;
[INFO] [stdout]     |
[INFO] [stdout] 
[INFO] [stdout] 
[INFO] [stdout] error[E0560]: struct `FileView` has no field named `buffer`
[INFO] [stdout]    --> src/main.rs:487:13
[INFO] [stdout]     |
[INFO] [stdout] 487 |             buffer: buffer,
[INFO] [stdout]     |             ^^^^^^ `FileView` does not have this field
[INFO] [stdout]     |
[INFO] [stdout]     = note: available fields are: `geo`, `path`, `file`, `scroll`
[INFO] [stdout] 
[INFO] [stdout] 
[INFO] [stdout] error[E0560]: struct `FileView` has no field named `buffer`
[INFO] [stdout]    --> src/main.rs:487:13
[INFO] [stdout]     |
[INFO] [stdout] 487 |             buffer: buffer,
[INFO] [stdout]     |             ^^^^^^ `FileView` does not have this field
[INFO] [stdout]     |
[INFO] [stdout]     = note: available fields are: `geo`, `path`, `file`, `scroll`
[INFO] [stdout] 
[INFO] [stdout] 
[INFO] [stdout] error: aborting due to 3 previous errors; 1 warning emitted
[INFO] [stdout] 
[INFO] [stdout] 
[INFO] [stdout] error: aborting due to 3 previous errors; 1 warning emitted
[INFO] [stdout] 
[INFO] [stdout] 
[INFO] [stdout] Some errors have detailed explanations: E0560, E0599.
[INFO] [stdout] 
[INFO] [stdout] Some errors have detailed explanations: E0560, E0599.
[INFO] [stdout] 
[INFO] [stdout] For more information about an error, try `rustc --explain E0560`.
[INFO] [stdout] 
[INFO] [stdout] For more information about an error, try `rustc --explain E0560`.
[INFO] [stdout] 
[INFO] [stderr] error: could not compile `nv` (bin "nv" test) due to 4 previous errors; 1 warning emitted
[INFO] [stderr] warning: build failed, waiting for other jobs to finish...
[INFO] [stderr] error: could not compile `nv` (bin "nv") due to 4 previous errors; 1 warning emitted
[INFO] running `Command { std: "docker" "inspect" "6de66a3aad9123e573b016e18eb828a7b6545b0f9871e8a6c34a4568d0fb8b44", kill_on_drop: false }`
[INFO] running `Command { std: "docker" "rm" "-f" "6de66a3aad9123e573b016e18eb828a7b6545b0f9871e8a6c34a4568d0fb8b44", kill_on_drop: false }`
[INFO] [stdout] 6de66a3aad9123e573b016e18eb828a7b6545b0f9871e8a6c34a4568d0fb8b44
